41 - -7?
-34
In base 2, what is -11 + 111011?
111000
In base 15, what is 189 - 2?
187
In base 15, what is 1 - -426?
427
In base 3, what is 120201 - 1?
120200
In base 14, what is -5 - -5?
0
In base 9, what is 1 + 1584?
1585
In base 4, what is 20 + -22?
-2
In base 9, what is -2 - -71?
68
In base 10, what is 44 - 42?
2
In base 11, what is -5 - 21?
-26
In base 2, what is -100000 - 1?
-100001
In base 14, what is 2 - -3a2?
3a4
In base 2, what is -1010 - 1001101?
-1010111
In base 8, what is -4 + 40?
34
In base 15, what is -6 + -e5d?
-e64
In base 6, what is 4 - -150?
154
In base 5, what is -3 + -2342?
-2400
In base 11, what is -233 + -5?
-238
In base 6, what is 51 + -1022?
-531
In base 11, what is 18 - 5?
13
In base 14, what is 47 + 25a?
2a3
In base 10, what is -394 - -11?
-383
In base 4, what is -303 - 1221?
-2130
In base 5, what is -10 + 1430?
1420
In base 6, what is -2203 + 2?
-2201
In base 14, what is -2003 - -3?
-2000
In base 14, what is -675 + 3?
-672
In base 10, what is 40 + 4?
44
In base 2, what is -101 + 101101110000?
101101101011
In base 14, what is 233 - -4?
237
In base 4, what is -11 + -111?
-122
In base 9, what is 1 - 78?
-77
In base 12, what is 37 - -13?
4a
In base 16, what is 2 - -67?
69
In base 13, what is 12b + -6?
125
In base 3, what is -1 + 1110?
1102
In base 16, what is -180c - 1?
-180d
In base 14, what is 224 + a?
230
In base 6, what is 25 + 53?
122
In base 11, what is 1 + 50?
51
In base 13, what is 3 + 15c1?
15c4
In base 7, what is -65 + 61?
-4
In base 12, what is 323 + -3?
320
In base 6, what is -44 + -344?
-432
In base 14, what is 260 - 0?
260
In base 12, what is -1 + 20?
1b
In base 13, what is 1c + 2?
21
In base 9, what is -5 + -2?
-7
In base 7, what is 6461 - 22?
6436
In base 11, what is -1 - -7306?
7305
In base 12, what is -3 - -40?
39
In base 7, what is -3 - -221?
215
In base 10, what is -31 - 2?
-33
In base 10, what is 4 - 246?
-242
In base 15, what is 1 + -56?
-55
In base 14, what is 14a - -1?
14b
In base 12, what is 0 - -77?
77
In base 8, what is -6 + -323?
-331
In base 16, what is -317 - -9?
-30e
In base 8, what is -146 + -1?
-147
In base 6, what is -13 + -2304?
-2321
In base 6, what is 351 + -3?
344
In base 7, what is 4 + 5061?
5065
In base 13, what is 1 - 203b?
-203a
In base 5, what is -41 - 4344?
-4440
In base 6, what is -3 - -33025?
33022
In base 13, what is -26 + -41c?
-445
In base 5, what is 10 + -144041?
-144031
In base 14, what is -2ad + 10?
-29d
In base 14, what is 2 - 182a?
-1828
In base 2, what is 101 + 100001011110?
100001100011
In base 4, what is 1 + 13303?
13310
In base 11, what is -8 + -123?
-130
In base 11, what is -17 - -3?
-14
In base 13, what is -2 - 57?
-59
In base 5, what is -120 + 0?
-120
In base 7, what is -104 + -3?
-110
In base 7, what is 1 - -5?
6
In base 11, what is -1 - 196a?
-1970
In base 10, what is -1058 - -2?
-1056
In base 14, what is c - 1b?
-d
In base 14, what is -3 - 597?
-59a
In base 11, what is 601 + 1?
602
In base 4, what is 2 - 103232?
-103230
In base 13, what is 0 + -15?
-15
In base 2, what is 11001111 + -101110?
10100001
In base 8, what is -1 + -1577?
-1600
In base 14, what is -10 + 7d?
6d
In base 7, what is -126 - -1?
-125
In base 9, what is -2 - 4875?
-4877
In base 15, what is 5 - e?
-9
In base 14, what is -39d + 0?
-39d
In base 5, what is -21 - -124?
103
In base 3, what is -2 - -10002202?
10002200
In base 5, what is 1 - 201?
-200
In base 7, what is -4034 - -2?
-4032
In base 8, what is -5233 + 5?
-5226
In base 4, what is 2020 - -211?
2231
In base 5, what is -1402301 - -1?
-1402300
In base 6, what is 21 + -121?
-100
In base 3, what is 111 - 200122?
-200011
In base 8, what is 13 - -47?
62
In base 3, what is 2021000 - 11?
2020212
In base 2, what is 1100100 - 10?
1100010
In base 3, what is -200021 + -12?
-200110
In base 9, what is -5425 - 0?
-5425
In base 15, what is -82 + 0?
-82
In base 2, what is 100 - -100001110?
100010010
In base 10, what is -319 + -3?
-322
In base 13, what is 668 + -a?
65b
In base 9, what is 3 - 2087?
-2084
In base 8, what is 17 + -13?
4
In base 4, what is 2200011 + 10?
2200021
In base 7, what is -4 - 1?
-5
In base 5, what is -3003 - -2?
-3001
In base 2, what is 10001111101 - -111?
10010000100
In base 9, what is 2 + 153?
155
In base 4, what is 201 - 202?
-1
In base 3, what is 102 + -11012?
-10210
In base 4, what is -3 + 1023022?
1023013
In base 11, what is 4 - -29?
32
In base 4, what is -11 - -323?
312
In base 11, what is 1 - -640?
641
In base 11, what is -67 + 3?
-64
In base 7, what is 2 - 61?
-56
In base 14, what is 9a - -7?
a3
In base 13, what is -467 + 0?
-467
In base 15, what is 712 - 0?
712
In base 2, what is -1 - 10001010?
-10001011
In base 5, what is 13443 + 10?
14003
In base 12, what is -28 - -306?
29a
In base 14, what is -10 - -23?
13
In base 15, what is bd - 7?
b6
In base 7, what is 212 + -4?
205
In base 2, what is 10100101110001 - -11?
10100101110100
In base 11, what is 2 + 29a9?
2a00
In base 15, what is 618 + 2?
61a
In base 13, what is -5b75 - 5?
-5b7a
In base 8, what is 650 + -5?
643
In base 12, what is -11 + 2?
-b
In base 9, what is 22 + 10?
32
In base 15, what is -5b + -33?
-8e
In base 11, what is 367 - -2?
369
In base 14, what is a - -1c?
28
In base 3, what is 2 + 102?
111
In base 8, what is -1240 + 2?
-1236
In base 14, what is 5 - -a?
11
In base 6, what is -1 - -3?
2
In base 9, what is -402 - 5?
-407
In base 6, what is -154 + -4?
-202
In base 9, what is 42 - -145?
187
In base 15, what is -15 + -8?
-1d
In base 5, what is -40 - -214?
124
In base 14, what is 14 - -28?
3c
In base 7, what is 0 - 4411?
-4411
In base 6, what is 5 + 44?
53
In base 12, what is 1a52 + 2?
1a54
In base 8, what is 3 - 2221?
-2216
In base 4, what is 1211 + -112?
1033
In base 14, what is 5 - 21?
-1a
In base 10, what is 1279 - 2?
1277
In base 13, what is c1a + -5?
c15
In base 5, what is 3333 + -4?
3324
In base 5, what is -101 - 124?
-230
In base 3, what is -2102100 - 1?
-2102101
In base 16, what is 6 + -43?
-3d
In base 6, what is 15 - 114?
-55
In base 14, what is -7 + -118?
-121
In base 8, what is -630 - -25?
-603
In base 13, what is -1996 - 4?
-199a
In base 2, what is 11 - 110100010010?
-110100001111
In base 6, what is 5 + 45?
54
In base 14, what is -a - -263?
257
In base 2, what is -10100 - -11001010?
10110110
In base 6, what is -3140 - -4?
-3132
In base 14, what is 5 + 381?
386
In base 12, what is -29 + 3?
-26
In base 16, what is bd - 2?
bb
In base 14, what is -5 - -41?
3a
In base 14, what is 163 + 1?
164
In base 6, what is 3 - 201?
-154
In base 7, what is 33 - 2?
31
In base 13, what is -3 + 16?
13
In base 15, what is -1a4 + 3?
-1a1
In base 7, what is -2333 + 1?
-2332
In base 8, what is -10 - 2?
-12
In base 2, what is 110 + -1100111101?
-1100110111
In base 15, what is -4 - 2a?
-2e
In base 16, what is 6 + 5?
b
In base 2, what is 10000110100 - 0?
10000110100
In base 6, what is 35 - 10?
25
In base 5, what is -2304 - -1?
-2303
In base 16, what is -155 - 3?
-158
In base 7, what is -2014 - -1?
-2013
In base 13, what is -c29 + 5?
-c24
In base 10, what is -36 + 20?
-16
In base 7, what is 3 + -140?
-134
In base 6, what is 444 + 11?
455
In base 7, what is 1 + -16?
-15
In base 10, what is 6 + -118?
-112
In base 16, what is 0 + -b?
-b
In base 4, what is 1 + -312021?
-312020
In base 16, what is 22 + 10?
32
In base 15, what is -8 - 1b?
-24
In base 4, what is -3 + 3303?
3300
In base 8, what is -4 + -1265?
-1271
In base 2, what is 111111100 + -10?
111111010
In base 12, what is -2 - -13a?
138
In base 14, what is -3 + a4?
a1
In base 7, what is 30315 + 4?
30322
In base 6, what is -322 - -24?
-254
In base 3, what is -1021 + -120?
-1211
In base 5, what is 10 + -4331?
-4321
In base 13, what is -23c + 2?
-23a
In base 10, what is -91 + 2?
-89
In base 16, what is 7 + 3f?
46
In base 2, what is 1 + -10000100111?
-10000100110
In base 9, what is 473 - -32?
515
In base 2, what is -1000110001 + -100?
-1000110101
In base 9, what is -60 + 3?
-56
In base 3, what is 11010 - -1120?
12200
In base 12, what is -12 + -1?
-13
In base 16, what is -4 + -17e8?
-17ec
In base 8, what is -100 - -1?
-77
In base 3, what is -122010 + -11?
-122021
In base 6, what is -1143 + 4?
-1135
In base 10, what is -3 - -16?
13
In base 14, what is -5 - 4d0?
-4d5
In base 9, what is 35252 - 0?
35252
In base 9, what is 68 - 0?
68
In